100
In base 10, what is 19449 - 2?
19447
In base 8, what is -75 - 7?
-104
In base 10, what is 957 - -16?
973
In base 14, what is -2 - 36?
-38
In base 4, what is -2 - 1312?
-1320
In base 13, what is -68c + 0?
-68c
In base 4, what is 3 + 33221?
33230
In base 15, what is -3 - 1e1?
-1e4
In base 14, what is -4 - -8?
4
In base 7, what is -41506 - -2?
-41504
In base 16, what is -1e4 + -3?
-1e7
In base 7, what is -2 - 5355?
-5360
In base 5, what is 142 - 1142?
-1000
In base 11, what is -20 + -3?
-23
In base 16, what is 15a + -16?
144
In base 5, what is 131 + -1024?
-343
In base 10, what is 16 + -36?
-20
In base 7, what is -1 - -5?
4
In base 13, what is -282 + -2?
-284
In base 12, what is 4 - aa4?
-aa0
In base 8, what is 0 - 2?
-2
In base 9, what is 476 - -2?
478
In base 14, what is -d4c - -3?
-d49
In base 9, what is -46521 - 2?
-46523
In base 11, what is -1 - 68?
-69
In base 15, what is 357 + -1?
356
In base 13, what is 302 + 5?
307
In base 15, what is 7 + 54?
5b
In base 14, what is -152 + 3?
-14d
In base 9, what is 5706 + 5?
5712
In base 6, what is -130 + 0?
-130
In base 8, what is 0 + -12366?
-12366
In base 9, what is 11 + 26?
37
In base 13, what is 2 + 9?
b
In base 3, what is 221100 + -1?
221022
In base 10, what is -1717 + -2?
-1719
In base 9, what is 1 + 115?
116
In base 15, what is -190 - 3?
-193
In base 3, what is 110212 + 121?
111110
In base 5, what is -21411 + 4?
-21402
In base 8, what is -107 - 256?
-365
In base 15, what is 2 + 293?
295
In base 10, what is 28 + 11?
39
In base 16, what is -3 - -122?
11f
In base 9, what is -5 + -70?
-75
In base 2, what is 11011100 + 1010?
11100110
In base 13, what is -30 + -3?
-33
In base 8, what is 3157 - -2?
3161
In base 15, what is 5 - -37?
3c
In base 2, what is -101 - -11100010?
11011101
In base 9, what is -104 - 341?
-445
In base 13, what is 5 + 85?
8a
In base 3, what is 2 + -1200101?
-1200022
In base 8, what is -562 - 3?
-565
In base 8, what is 247 - -20?
267
In base 5, what is -420 - -2?
-413
In base 9, what is 76 + 88?
175
In base 14, what is 2 + -26?
-24
In base 11, what is 12 - -14?
26
In base 15, what is -4 - -58?
54
In base 2, what is 11 - 110110?
-110011
In base 7, what is 3 - -3?
6
In base 6, what is 1 - 55?
-54
In base 2, what is 101 - 11111100?
-11110111
In base 11, what is -5 + 736?
731
In base 15, what is -3 - 34a?
-34d
In base 6, what is 11440 - 0?
11440
In base 16, what is 8 - 12?
-a
In base 6, what is 4 - 1140?
-1132
In base 2, what is 100 + 10001110?
10010010
In base 4, what is 2000 - -3?
2003
In base 14, what is 5 - 393?
-38c
In base 10, what is 32 + 16?
48
In base 5, what is -11 + 2?
-4
In base 15, what is -20 + 19?
-6
In base 9, what is 2 - 1472?
-1470
In base 4, what is 10 - -2212?
2222
In base 8, what is 145 + 4?
151
In base 12, what is 25b - -7?
266
In base 15, what is -14 + 6?
-d
In base 13, what is -1 - -59?
58
In base 13, what is -5 - 363?
-368
In base 6, what is -1233 - -1?
-1232
In base 11, what is 615 + 5?
61a
In base 2, what is 101 + -1101110?
-1101001
In base 3, what is 10000 - 1122?
1101
In base 9, what is 450 + 41?
501
In base 6, what is 4 - 151?
-143
In base 15, what is 3 + -c?
-9
In base 5, what is -11 - 104?
-120
In base 13, what is -78 + -9?
-84
In base 6, what is 51 - -5351?
5442
In base 10, what is 12983 - 5?
12978
In base 6, what is -303 + 3?
-300
In base 14, what is -4 + -19?
-1d
In base 13, what is -2 - -89?
87
In base 13, what is -288a - 4?
-2891
In base 9, what is 15706 - 0?
15706
In base 15, what is 43 - 3?
40
In base 3, what is -2 + 11002?
11000
In base 11, what is -15 + 87?
72
In base 10, what is -1 + 59?
58
In base 15, what is -76 + 4?
-72
In base 12, what is 0 + -1375?
-1375
In base 9, what is -14 + -1001?
-1015
In base 8, what is -10 + 315?
305
In base 9, what is -3 + -13?
-16
In base 2, what is -1010110 - -10?
-1010100
In base 14, what is -da5 + 2?
-da3
In base 14, what is -2 + 27?
25
In base 15, what is 1 - -167?
168
In base 6, what is -155 + -2?
-201
In base 15, what is 13 + -b9?
-a6
In base 3, what is 1 - -2100?
2101
In base 11, what is 5 + 86?
90
In base 8, what is -124 + -12?
-136
In base 9, what is 162 + -2?
160
In base 13, what is c + b?
1a
In base 5, what is 32102 - 1?
32101
In base 12, what is 0 - -106?
106
In base 13, what is -29 - 4?
-30
In base 11, what is 2a0 - 21?
27a
In base 7, what is 0 + 13164?
13164
In base 8, what is -54 + -5?
-61
In base 2, what is 1010 - 10?
1000
In base 14, what is -195 - -4?
-191
In base 7, what is 2 + 236?
241
In base 3, what is -10 - -102122?
102112
In base 8, what is -6 + 21?
13
In base 6, what is -2 + 10?
4
In base 4, what is -3012 + -1?
-3013
In base 13, what is 5 + 145?
14a
In base 5, what is -334402 + -2?
-334404
In base 6, what is -100 - 4?
-104
In base 9, what is 812 + 4?
816
In base 9, what is 4 + -438?
-434
In base 12, what is -30 + 13?
-19
In base 12, what is 2 - 41?
-3b
In base 4, what is 23 - 10333?
-10310
In base 8, what is 4 - -237?
243
In base 16, what is -2 - 3c?
-3e
In base 13, what is -a2 - 3?
-a5
In base 11, what is -9515 - 3?
-9518
In base 9, what is 1 - 77?
-76
In base 16, what is 4 - 6f?
-6b
In base 10, what is -512 + -1?
-513
In base 13, what is -4 + -191?
-195
In base 12, what is -4 - 174?
-178
In base 6, what is 1134 + 10?
1144
In base 9, what is 1 - -22?
23
In base 12, what is 692 - -5?
697
In base 12, what is a + -5a?
-50
In base 13, what is -7 + 19?
12
In base 12, what is a + 75?
83
In base 13, what is 4 + -16?
-12
In base 5, what is -130 + -1?
-131
In base 11, what is -1a92 - 2?
-1a94
In base 15, what is -11c - -79?
-93
In base 15, what is 3 + 5?
8
In base 11, what is 2 - 210?
-209
In base 4, what is -2 - 33132?
-33200
In base 2, what is 10011101 + 10010111?
100110100
In base 5, what is -122 + 2?
-120
In base 11, what is -40 - 8?
-48
In base 8, what is -1 - -3045?
3044
In base 8, what is 410 + 11?
421
In base 14, what is -4 - -38?
34
In base 15, what is 14 - b?
8
In base 5, what is 33132 + 2?
33134
In base 9, what is 174 - 24?
150
In base 15, what is -7 + -c1?
-c8
In base 6, what is 1542 - -4?
1550
In base 6, what is 1251 + 10?
1301
In base 8, what is 473 + -2?
471
In base 7, what is -344 + 3?
-341
In base 8, what is -1 - -213?
212
In base 4, what is 10 + 333?
1003
In base 10, what is 6150 - -4?
6154
In base 12, what is -803 + -3?
-806
In base 8, what is 11 + -1426?
-1415
In base 16, what is -1 + -3f6?
-3f7
In base 7, what is 5 + 10344?
10352
In base 11, what is -193 + 36?
-158
In base 14, what is 772 - 4?
76c
In base 9, what is -4 + 266?
262
In base 9, what is 17 + 1040?
1057
In base 6, what is 115 + -145?
-30
In base 2, what is -10101010 + -1?
-10101011
In base 16, what is -4 - -274?
270
In base 11, what is 1a0 + 21?
211
In base 5, what is 3033 - 20?
3013
In base 14, what is 29 - 96?
-6b
In base 10, what is -4 - -3344?
3340
In base 11, what is -3 + 234?
231
In base 4, what is -1 + -112011?
-112012
In base 3, what is -110 + 10?
-100
In base 14, what is 0 + 1b7?
1b7
In base 12, what is 25 + 4?
29
In base 11, what is -1 - 381?
-382
In base 13, what is 6c + 3?
72
In base 14, what is -129 + -1?
-12a
In base 9, what is 211 + 3?
214
In base 14, what is -16a + -5?
-171
In base 12, what is -3 - -344?
341
In base 12, what is -10 + -13?
-23
In base 6, what is -114 + 3?
-111
In base 10, what is 0 - 10?
-10
In base 13, what is 304 - -1?
305
In base 15, what is 4 - 32?
-2d
In base 15, what is -b + 10?
4
In base 5, what is -32 - 240?
-322
In base 8, what is -1 - -25?
24
In base 8, what is -4 - -26?
22
In base 4, what is 2103 + -10?
2033
In base 3, what is 220 + -112?
101
In base 2, what is -11010111001011 + 10?
-11010111001001
In base 10, what is 69 + 35?
104
In base 15, what is -a + -41?
-4b
In base 7, what is -542 - -1?
-541
In base 15, what is -1c7 - -5?
-1c2
In base 3, what is 1011211 + -22?
1011112
In base 16, what is -e - -b?
-3
In base 9, what is -16 + 136?
120
In base 13, what is 5 - -b5?
ba
In base 14, what is 11 - 54?
-43
In base 8, what is 206 + -1?
205
In base 11, what is -93 - -41?
-52
In base 14, what is -3002 - -4?
-2ddc
In base 8, what is -33 + 15?
-16
In base 13, what is -667 - -4?
-663
In base 11, what is -1 - 346?
-347
In base 6, what is -24 + -313?
-341
In base 13, what is 2b - -333?
361
In base 12, what is 22a - 2?
228
In base 15, what is -5 + 15?
10
In base 3, what is 1012